 5
Suppose 4*w - 20 = -m, 12 = -4*m - w + 107. What are the prime factors of ((-60)/(-16))/(-5) - (-2466)/m?
2, 3, 17
Suppose -2*y - 4*z = -22, 2*z + 7 = 5*y - 0. Let d(w) be the third derivative of w**4/3 + w**3/2 - 6*w**2 + 8*w. List the prime factors of d(y).
3
Let f(b) = -17*b + 1. Let u(a) = -2*a**2 + 15*a - 9. Let l be (-65)/(-9) - 8/36. Let w be u(l). What are the prime factors of f(w)?
5, 7
Suppose 16*f - 2310 = 10*f. Suppose 0 = -3*b - 3*h + 462, -f - 77 = -3*b + 5*h. List the prime factors of b.
2, 7, 11
What are the prime factors of -5*5/25*-1779?
3, 593
Let o = -9 + 20. Suppose 32 = o*s - 7*s. Let a = s + -5. What are the prime factors of a?
3
Suppose 5*u - 11 = u + w, 0 = -4*u - 2*w + 14. Suppose u*t + 3*h - 571 = -h, -5*t = -h - 944. Suppose -3*r = 63 - t. What are the prime factors of r?
2, 3, 7
Let m be (-6)/15 + 42/5. Suppose -5*a + 7 = -m. Suppose 4*t + 4 = 0, 2*p + t - 214 = -a*p. What are the prime factors of p?
43
Let o = -4 - -9. Let k(d) = d**3 - 3*d**2 + 2*d - 6. Let t be k(3). Suppose -w + 5 = 0, -117 = -2*q - o*w - t*w. What are the prime factors of q?
2, 23
Let p = -21 - -23. Suppose 0 = -p*z - 3*s + 109, 0 = 5*z + s - 242 - 50. What are the prime factors of z?
59
Let q(r) = 2*r**2 - 2*r + 5. Suppose 0 = -3*j - b + 22, 0 = -5*j + b - 0*b + 34. List the prime factors of q(j).
89
Suppose 9*m + 83 = 263. Let o(h) = -h**3 + 21*h**2 - 15*h + 1. What are the prime factors of o(m)?
101
Let h be ((-21)/(-7) + 63)/(-1 - 0). Let d = 190 + h. List the prime factors of d.
2, 31
Let z = 98 + 77. Let v = z - 115. What are the prime factors of v?
2, 3, 5
Suppose -14*g - 50 = -4*g. What are the prime factors of (-1)/(g/(-220))*-2?
2, 11
Suppose -2*p + 2032 = 468. What are the prime factors of p?
2, 17, 23
Let z be (135/6)/5*24/18. List the prime factors of 115 + -5 - (z/(-2) + 7).
2, 53
Let w = 2525 - 746. What are the prime factors of w?
3, 593
Suppose -4*o + 247 = 4*c + 79, 5*o + c = 206. Suppose -5*x = -3*y + 99, -2*x + o = 5*y - 124. Suppose 4*i - y = 3. List the prime factors of i.
3
Suppose -3*v = -4*j + 13391, -11*j = -7*j + 2*v - 13366. What are the prime factors of j?
2, 11, 19
Suppose 17*a = 16*a + 20. What are the prime factors of a?
2, 5
Let g = -37 - -37. Let p = 18 - 14. Suppose g + 3 = -x, u - p*x = 52. List the prime factors of u.
2, 5
List the prime factors of (-120)/(-12) - (2 - 546).
2, 277
Let i be 3/(6/(-61))*(-6 - -2). Suppose 0*g + i = g - 5*k, -g + k + 114 = 0. What are the prime factors of g?
2, 7
Let v(w) be the first derivative of 5*w**2 + 10*w + 1. Suppose 2*x = 4*x - 10. List the prime factors of v(x).
2, 3, 5
Let w(n) = -22*n + 152. Let j be w(8). Let v = 59 - 31. Let x = j + v. List the prime factors of x.
2
Let o(z) = -3*z**2 + 2*z - 2. Let p be o(1). What are the prime factors of (90/(-75))/(p/200)?
2, 5
Let r be (22/(-6))/((-10)/60). Suppose -5*p + 45 + 25 = 0. Let d = r - p. What are the prime factors of d?
2
Suppose -3*p - 60 = -5*m + 2*p, 5*m - 42 = -4*p. Let f = 5 - 3. Suppose -y = y - b - m, f*b - 8 = 0. What are the prime factors of y?
7
Suppose -5*d + 7488 = 7*d. What are the prime factors of d?
2, 3, 13
Suppose -o - 2*o + p + 326 = 0, -o = 3*p - 92. Let f = 158 - o. What are the prime factors of f?
3, 17
Let k(n) = -n**3 - 4*n**2 + 6*n - 3. Let g be k(-6). List the prime factors of (-2)/(6/(-67)) - 11/g.
2, 11
Let a = 182 + -319. Let s = 196 + a. What are the prime factors of s?
59
Let y be -2 + 16/12 + 4/6. Suppose 3*z + s = 159, y = 4*s - s. What are the prime factors of z?
53
Suppose -4 - 5 = -2*d + 3*x, -d = -x - 3. Suppose 10 + 44 = 4*i - u, i = -u + 11. Suppose d = 3*f - 2*f - i. What are the prime factors of f?
13
Let i(v) = 460*v**2 - 11*v + 12. What are the prime factors of i(1)?
461
Let w be 1*(0 - (1 - 0)). Let g be (9 + -3)/(w/(-13)). Let q = g + -45. List the prime factors of q.
3, 11
Let a(m) = -2*m - 21. Let f(w) = -w - 20. Let s(u) = 2*a(u) - 3*f(u). Let t = 1 + -1. What are the prime factors of s(t)?
2, 3
Let g be (1/(2 - 1))/1. Suppose -13*c + 5*c = -3*c. Suppose 3*y + g - 7 = c. What are the prime factors of y?
2
Let u = 67 + -46. Let z = 75 - u. What are the prime factors of z?
2, 3
Let f = -67 - -30. Let z = 54 + f. What are the prime factors of z?
17
Suppose -a = -0*m - 5*m + 1465, -4*a = 2*m - 586. Let x = -201 + m. List the prime factors of x.
2, 23
Suppose 3*i + 2*l = -13, 2*l + 9 = -5*i - 14. Let g = -3 - i. Let w = 5 - g. List the prime factors of w.
3
Let h = -513 - -907. List the prime factors of h.
2, 197
Suppose h + 3*h = 5*x - 1105, x - 245 = -4*h. List the prime factors of x.
3, 5
Suppose -4*i + 4*w + 4640 = 0, 4*i + i = -4*w + 5800. What are the prime factors of i?
2, 5, 29
Suppose 21*d - 498 = 1896. List the prime factors of d.
2, 3, 19
Suppose 4954 = 16*u + 154. List the prime factors of u.
2, 3, 5
What are the prime factors of (107319/(-332))/((-6)/8)?
431
Suppose -q = -3*x + 4*q + 36, 3*q + 42 = 3*x. Suppose -4*f - 5 = -x. Suppose -s + 8 = -f. List the prime factors of s.
11
Suppose 42 = 4*p + 118. Let a = p - -23. Suppose -z + 57 = -3*d - d, -2*d = a*z - 156. List the prime factors of z.
41
Let n = 234 - 147. Suppose 10*d - 853 = n. What are the prime factors of d?
2, 47
Let w(t) = -4*t**3 + 14*t**2 - 7*t - 3. Let z(a) = 5*a**3 - 15*a**2 + 6*a + 3. Let h(i) = 4*w(i) + 3*z(i). What are the prime factors of h(7)?
3, 41
Let j(h) = -h**3 + 6*h**2 - 13. Let y be j(6). Let u = -7 - y. Suppose -u*k + 87 = -63. What are the prime factors of k?
5
Suppose -2*q - 8*z + 9*z + 10402 = 0, -5210 = -q - 4*z. What are the prime factors of q?
2, 3, 17
List the prime factors of ((-160)/12 + 0)*(-162)/15.
2, 3
Let p = 26 + -26. Let q(c) = 12*c**3 + 3*c**2 + 2*c - 2. Let i be q(-2). List the prime factors of i/(-5 + p) + -2.
2
Suppose -5962 = -602*i + 600*i. What are the prime factors of i?
11, 271
Let z(n) = 2*n + 7. Suppose 2*f - 1 = 3. Let h be (-2 - 0 - -12)/f. What are the prime factors of z(h)?
17
What are the prime factors of -316*(212/16)/(-1)?
53, 79
Let v(y) = 7*y**3 + 42*y**2 - 72*y + 45. Let g(j) = -11*j**3 - 64*j**2 + 108*j - 68. Let b(u) = 5*g(u) + 8*v(u). What are the prime factors of b(-18)?
2, 5
List the prime factors of (0 + 13)/(552/(-111) - -5).
13, 37
Suppose -2*x = -11*x + 27. Suppose -x*n = n, -2*n + 940 = 5*g. List the prime factors of g.
2, 47
Suppose -47*c - 787 = -48*c. What are the prime factors of c?
787
List the prime factors of -6 + 7 - 19*-43.
2, 409
Let a(l) = -58*l - 6. Let y = 85 - 88. List the prime factors of a(y).
2, 3, 7
List the prime factors of (8/6)/(24/183348*11).
2, 463
Let b(j) = 4*j**2 - 2. Let a be b(-2). Let o be 6/9*3 + 3. Suppose -o = i - a. List the prime factors of i.
3
What are the prime factors of 96/528 - (-4453)/11?
3, 5
Let n = -3751 + 7376. List the prime factors of n.
5, 29
Let n be ((-724)/((-1)/(-1)))/(23 + -25). Let z = -181 + n. List the prime factors of z.
181
Let z be 72/30*(-1575)/(-6). Suppose 3*s + 7*x - 370 = 2*x, -5*s - 5*x = -z. What are the prime factors of s?
2, 5, 13
Let q be 3/(9/(-6)*-1). Suppose 4*u + q*o = 4*o - 116, 6 = 3*o. Let p = -15 - u. What are the prime factors of p?
13
Suppose 0*u = u + 2*c - 40, -2*u + 4*c = -88. Let q be u/3 + (-12)/(-4). Suppose 3*j - 16 = q. List the prime factors of j.
11
Suppose -8*k = -9*k - 7. Let x = -5 - k. What are the prime factors of (-1)/(4/(-100)) - x?
23
Let b(q) = 7*q**2 - 11*q - 12. Let y be b(-7). Let n = -277 + y. Suppose 2*d + 2*p = 62, -5*d + n = -2*p - 45. List the prime factors of d.
2, 17
Let u be (-12)/10*(-120)/9. Suppose -2*f - 5*q + 12 = f, -u = -4*f - 4*q. Suppose -f*w = -5*w + 7. List the prime factors of w.
7
Let f(t) = 55 + 6*t - 2*t - 66. What are the prime factors of f(31)?
113
Let p = 1802 - 777. List the prime factors of p.
5, 41
Suppose 5 = -r, 2*s + 3*r - 6*r = 39. Let l = s + 11. List the prime factors of l.
23
Suppose 2*l = -4*b + 3994, 4*b + 2*l - 994 = 3*b. What are the prime factors of b?
2, 5
Suppose 23 = 3*n - 1. Let h = 10 - n. Suppose -5*x + 75 = -3*l - 2*l, h*x - 5 = -3*l. What are the prime factors of x?
2, 5
Suppose 2*y = l - 1374, -2*l + l = -4*y - 1376. What are the prime factors of l?
2, 7
Let l(d) = 27*d - 92. List the prime factors of l(16).
2, 5, 17
Let r(w) be the second derivative of w**4/12 - w**3/3 - 4*w**2